(-14 + 9 - -1)
4
What is 23 + -30 - (-2 + -2 + -2) - -2?
1
What is -4 - (0 + (4 - 10) - (-2 - 8))?
-8
What is the value of (0 - (0 - 5)) + 2 + -4 + -5?
-2
What is 157 + -149 - (11 + 2 + -5 - -3)?
-3
(-46 - -6 - 14) + 16 + 0
-38
What is -2 + 5 + (-2 + -19 + 21 - 23)?
-20
3 + (10 - 13 - (1 - 1))
0
Calculate (-224 + 237 - (3 - 2 - 0)) + -9.
3
-4 - (2 + 5) - 4 - -7 - -1
-7
Evaluate -16 - (-2 - (10 + -1)) - (0 - -2).
-7
What is the value of -2 + 5 + -5 + (-18 - -5)?
-15
Calculate (30 - 49) + 19 - (17 - 1 - 0).
-16
What is -2 - 17 - (2 + 5 + (8 - 14))?
-20
Evaluate -1 + -25 - (294 + -296) - 5.
-29
Calculate 2 + -14 + 8 + 10.
6
Evaluate (-2 - -16) + (4 - (-8 + -6 + 19)).
13
Evaluate -3 - -5 - 3 - 28 - (-27 - -17).
-19
Evaluate 22 + (5 - 1) + 9 + -8.
27
What is the value of 6 + -12 - (-13 + 6 - (-11 + -5))?
-15
What is the value of (-28 - (-10 - (-3 + 0))) + (1 - -7)?
-13
1 - (1 + -44) - (519 + -502)
27
Calculate (-13 - 1) + -225 + 240.
1
-45 + 50 - (32 - 2) - -7
-18
(1155 - 1171) + (1 - 1) + -15
-31
Calculate 16 - (5 + 24 - -13).
-26
What is the value of 14 - 0 - (-379 + 388)?
5
(0 - -1) + -3 + -22 + 15 - -1
-8
What is (-5434 - -5441) + (1 - 0) + -2 + -23?
-17
What is the value of 22 - 1 - (-17 - -13 - -8) - 6?
11
Evaluate 1 + (10 - (-12 - -11) - 5).
7
(-3 - (6 + -2 - 8)) + 12 + 3
16
(-86 - -38) + 23 - -25
0
What is the value of 6 - (30 - (7 + 7 + -3 + -6))?
-19
What is 36 - (0 + 4 - (-232 - -224) - 9)?
33
What is (-17 - (13 - (0 + 14))) + -16?
-32
Evaluate -1 + (18 - (18 + -12)).
11
Calculate (-18 - -4) + (1 - (-3 + -5)).
-5
Calculate 9 - ((-40 - -30 - (-7 - 1)) + 17).
-6
Evaluate (2 - 13) + (6 - (14 - 7 - 11)).
-1
Evaluate 5 + -3 + -1 + (9 - 3) + -9.
-2
Evaluate (0 - (-6 + -1 + 10)) + (8 - 0).
5
Evaluate 30 + 5 + (222 - 285).
-28
What is the value of (-50 - -1) + -682 + 712?
-19
331 + -360 - (0 + -11 - -3)
-21
Calculate -3 + 5 + -7 - -1.
-4
Evaluate (8 - -8) + -21 + -2.
-7
Evaluate (-5 - 2) + 1 + 7 + 5.
6
What is the value of 2 + (4 - 21) - ((49 - 19) + -24)?
-21
What is 1 + 0 + (-12 - -12) - (9 + -14)?
6
What is the value of (170 - 125) + 0 + -19?
26
What is the value of -12 - (-8 - (5 + -1) - 7) - 25?
-18
(-2 - -8) + (-67 - -56 - (-1 - 8))
4
What is the value of -3 + -3 - (70 - 66)?
-10
-10 + 4 + -1 - (0 + 4 + 1)
-12
What is the value of 105 + -107 - (-20 - (-1 + 2))?
19
Calculate 4 - (17 + -9 + -1 + (4 - -3)).
-10
Calculate (-17 - (0 - 18 - -17)) + 15.
-1
Evaluate -21 - (5 + 14 + -46).
6
What is 3 - 3 - 3 - (4 - (8 + 5))?
6
What is -181 + 180 - (11 + -2)?
-10
What is the value of -6 + 0 + 11 + 3 + 2?
10
Evaluate (-4 - (26 + -8)) + 9.
-13
Evaluate (5 - (-3 + 15)) + (13 - 22) - -7.
-9
Calculate 45 + -117 + 67 + -16 + 0.
-21
Evaluate (-3 - -3) + -1 + 4 - (-139 + 147).
-5
Calculate (-2 - 1) + 7 + -2.
2
Calculate (-392 - -396) + (0 - (0 - -2)).
2
Evaluate (5 + -6 - 7 - (1 + 18)) + 4.
-23
What is (71 - 25) + -37 + (0 - -9)?
18
(-2 - -47) + 112 + -123
34
Calculate -11 + (-5 - 12) + 27.
-1
Evaluate 3 - (9 + (-3 - -9)).
-12
Calculate 0 + -1 - (-13 + 21 - (7 - 1)).
-3
What is -7 - -4 - 5 - (10 - 40)?
22
What is the value of 7 + (-2 - -3) + (19 - 17)?
10
Evaluate -63 - -69 - (14 + (-1 - -2)).
-9
What is the value of 2 - (7 - -6 - 14) - -16?
19
What is the value of -10 + -7 + (22 - 0)?
5
Calculate (-12 + 6 - -2 - -5) + 0.
1
What is (-8 - -15 - 40) + (17 + -31 - -14)?
-33
What is 0 - (18 - 54 - -21)?
15
What is -11 + 8 + (12 - 4) + 2?
7
Calculate (6 - (27 + -12 - 11)) + (-2 - 13).
-13
Calculate 24 + -16 - (12 + 5).
-9
What is the value of -12 + (2 + -4 - (33 - 31))?
-16
What is the value of -2 + 4 - (-4 - -14 - 8)?
0
Evaluate (-15 - (-13 + 0)) + 1 + 1.
0
5 + -1 + (-57 - -42)
-11
Calculate 41 + -8 + -37 + -6 + 2.
-8
Evaluate 9 - (0 - (-8 + 7)).
8
Calculate -9 + 16 + (-19 - -7).
-5
Calculate -32 + (29 - 8) - (15 - -1 - -4).
-31
Calculate -10 + (1 - 10 - (-57 - -51)) + 7.
-6
What is the value of (-283 - -277) + -3 + 0?
-9
What is the value of (11 - 9 - 9) + 7 + -4?
-4
Evaluate (6 + 0 + 6 - (4 + 3)) + 10.
15
Calculate (0 - 17) + (-210 + 199 - (2 + -1)).
-29
Calculate 19 - (-7 + 19) - 4 - (0 + 0).
3
Calculate (12 - (4 + 35)) + 1 + -14 + 2.
-38
What is the value of (1 - -5) + (36 - 10) + -10 - 7?
15
Calculate -292 + 295 + -1 + 4 + 0 + -16.
-10
What is the value of -33 + 34 + (-9 - -8)?
0
(-3565 - -3548) + 46 + -1 + 1
29
Calculate 3 + -7 - (45 - 42).
-7
What is 6 + (-22 - (-26 + -11))?
21
What is -3 + -8 + 19 - 15 - (-1 + 4)?
-10
Calculate 2 - (21 - 7) - 3.
-15
(13 - (-38 + 34)) + -4 + 1
14
Calculate 8 + 2 + -6 + (-62 - -62).
4
Evaluate 4 - 1 - (-21 + 15).
9
What is (-20 - 2 - -29) + -2 + 0 + -19?
-14
What is -20 + 1 + 2 + (-166 - -171)?
-12
What is the value of -10 + 27 - (14 + 2)?
1
Evaluate 2 - (-7 - 1) - (10 - -37).
-37
What is the value of (8 - 17) + (32 - 23)?
0
What is -3 - (-3 + -1 - 0) - (86 - 81)?
-4
Evaluate 3 - (-7 - (-1 + 3 + -30 + 27)).
9
Evaluate (-2 - -2) + -17 + (2286 - 2279).
-10
Evaluate -13 + -13 + -15 + 25 - -42.
26
Evaluate -5 - (0 + 7 + (-51 - -50)).
-11
Evaluate -3 + (-4 - (9 + -23) - 5) + 0.
2
What is 10 + -1 + (-10 - -8)?
7
What is -4 + ((7 - 10) + 4 - -6) + 20?
23
What is -13 + (18 + -1 - (8 - 2))?
-2
Calculate (-8 + 31 - 34) + 5.
-6
Evaluate 2 + (-19 + (-1 - -1) - (55 + -58)).
-14
Calculate 1 + (-17 - 3) - (10 + -8 + 3).
-24
Calculate (-4 - -24) + -12 - 9.
-1
Calculate 27 - (1 - (-8 + 4)) - (-2 - -8).
16
Evaluate -31 + 0 + (149 - 134).
-16
What is the value of 9 + (-35 - -22) + -1?
-5
What is (-65 + 77 - (6 + -1 - 4)) + -11?
0
7 - (1 + 6 + -4) - -6
10
What is 81 - 91 - (-2 + 1 + -2 + 10)?
-17
Calculate 8 + -9 - (-1 + (8 - -2)).
-10
(4 + -11 - -10) + -15 - -10
-2
6 + (1 - (24 + -23))
6
-10 + 90 + -39 + -31
10
Calculate 0 + (0 - 2) + (-9 - -10).
-1
What is the value of 12 - (6 - (-10 - -7))?
3
3 - 2 - 6 - (6 - 12)
1
Calculate -9 + 2 + 3 + (4 - 2).
-2
What is -14 + (8 - 11) + 1?
-16
16 - 4 - 3 - (-5 + 10 - 8)
12
What is 7 + -8 + 22 + -16?
5
What is -42 + (35 - 15 - -18)?
-4
Calculate (-12 - -16) + -4 + -1 + 0 + 9.
8
What is 33 + (-22 - 14) + (-7 - 0)?
-10
0 - 0 - (169 + -88 + -77)
-4
What is -4 + 13 + -5 + -2 + -22?
-20
12 - (-10 - -8 - -4 - -30)
-20
What is 553 + -580 - (-18 + -2)?
-7
Evaluate 11 + -12 + -6 + 12.
5
-7 + (-5 - 11 - -8 - (-12 - 2))
-1
Evaluate 10 - (-15 - (-18 + -5)).
2
Evaluate 17 + -31 + (4 + -6 - -4).
-12
What is the value of -177 + 168 + 0 + 4 + 18?
13
What is 812 + -811 + (30 - 1)?
30
Calculate (2 - 6) + 7 - 5 - -8 - 7.
-1
Evaluate 5 + -1 + (4 - 8) + 1.
1
What is the value of 0 + -10 + 21 + 22 + -4 + 0?
29
What is the value of -25 + 63 + 4 + -23?
19
What is the value of 0 - (6 - -2 - (8 - -1))?
1
Calculate 1 + 17 + -3 - 3 - (709 + -686).
-11
Evaluate -1 + 1 - (1 - (-27 + 29)) - -12.
13
55 + -58 - (-13 - 2)
12
What is 23 + (-53 - -24) - -15?
9
What is 1 - (-1 + -17) - 11?
8
-4 - (-11 - -5 - -5 - 5 - 0)
2
-14 + 1 - (15 + -10) - (-4 + 4)
-18
What is the value of -12 + -1 - (4 - (6 + (5 - 4)))?
-10
What is -7 - (-3 - -9 - 12) - -4 - 7?
-4
Evaluate -3 + (28 - (11 - 1) - 19).
-4
Evaluate (181 - 169) + (-2 + 2 - 36) - 4.
-28
Calculate (-33 + 11 - -11) + -1.
-12
Calculate -10 - (11 + -22 + 17).
-16
Evaluate -12 - (35 + -30) - 9.
-26
4 + (11 - 7) + -5 - 19
-16
Evaluate -44 - -3 - (-310 + 305).
-36
Evaluate -8 - 2 - (-120 + 124).
-14
-3 + (-18 - -25 - (16 - (-1 + 1)))
-12
What is -3 + 12 + -64 + 54?
-1
Calculate -14 + (28 - (-19 + 35)).
-2
What is 6 + (-49 - (-2 - 16))?
-25
Evaluate 8 + -3 - (116 - 121).
10
Calculate (-6 - -2) + (32 - 27) - 5.
-4
Calculate (-9 - -4 - (-15 - 1)) + -1.
10
What is 24 + 8 + -12 + -5 + 1?
16
What is -3 + -2 + -5 + 3 + 3 + 15?
11
What is the value of 0 + -21 + 1760 + -1755?
-16
10 + -3 + 27 + -43 + (34 - 0)
25
What is -9 - (0 + -16 + 0 - -17)?
-10
-13 - -24 - (-12 - (-12 + 1))
12
Calculate 4 - (3 + -17 + -7 + 14 - -10).
1
26 + -71 + 7 + 54
16
Calculate 0 + 1 + -1 - (1142 - 1142).
0
What is the value of -17 - (-28 + 18 - 1)?
-6
-8 + -1 - (-18 + -23 + 5)
27
What is 0 + (-1 - (-1 - 1) - 6) + 22?
17
What is the value of -12 + (-6 - -7 - -8) + -10?
-13
(1 + -1 - (7 - (-21 - -26))) + 1
-1
Calculate (-601 - -593) + (-2 - (-22 - 1)).
13
(-15 - (-6 + -2) - -14) + -9 + 10
8
What is the value of (-1 + -31 - (-146 + 132)) + 1?
-17
15 + 7 - 14 - 28
-20
What is -9 + -29 + 20 + 6?
-12
Evaluate (10 - (15 - 3)) + 